{"id":2046,"date":"2015-11-11T11:06:43","date_gmt":"2015-11-11T10:06:43","guid":{"rendered":"http:\/\/www.tellows.de\/c\/?page_id=2046"},"modified":"2020-10-20T09:39:26","modified_gmt":"2020-10-20T08:39:26","slug":"mentions-legales","status":"publish","type":"page","link":"https:\/\/id.tellows.net\/c\/about-tellows-fr\/mentions-legales\/","title":{"rendered":"Mentions l\u00e9gales"},"content":{"rendered":"<p>Si vous rencontrez des probl\u00e8mes avec les contributions, les commentaires ou les num\u00e9ros, vous trouverez les premiers secours et un formulaire de contact sur notre <b><a href=\"https:\/\/www.tellows.co.uk\/c\/about-tellows-uk\/support-en\/\" rel=\"noopener noreferrer\" target=\"_blank\">page d&#8217;assistance<\/a><\/b>. Pour un traitement rapide des demandes de suppression, veuillez nous donner le num\u00e9ro de t\u00e9l\u00e9phone respectif et un motif de suppression pour chaque commentaire individuel. Vous pouvez \u00e9galement trouver de l&#8217;aide sur notre page d&#8217;assistance si vous rencontrez des difficult\u00e9s avec l&#8217;un de nos produits, comme la protection contre les appels pour la Fritzbox ou les applications pour Android et Apple.<\/p>\n<p>www.tellows.fr est un projet de<\/p>\n<p>tellows UG (haftungsbeschr\u00e4nkt)<br \/>\nEschenring 6<br \/>\nD-04828 Bennewitz<\/p>\n<p><strong>Registre du commerce:<\/strong><br \/>\nAmtsgericht Leipzig HRB 26291<br \/>\nLa taxe de vente-ID: DE 272175252<br \/>\nDirecteur g\u00e9n\u00e9ral: Stefan Rick<\/p>\n<p>E-mail: <strong>kontaktATtellows.de<\/strong><br \/>\n(remplacer AT par @)<br \/>\nPhone: 01578-4918966 (lundi-vendredi 9-17 Horloge)<br \/>\nFax: 0341-35540903 <\/p>\n<p><strong>Agent de protection de donn\u00e9es:<\/strong><br \/>\nChristian Anton<br \/>\ndatenschutzATtellows.de<br \/>\n(remplacer AT par @)<\/p>\n<p><strong>Veuillez noter que<\/strong><br \/>\ntellows est une plateforme d\u00e9di\u00e9e \u00e0 l&#8217;\u00e9change d&#8217;information sur des num\u00e9ros de t\u00e9l\u00e9phone douteux. Ces num\u00e9ros ne sont pas exploit\u00e9s par tellows.<\/p>\n<p><strong>Clause de non responsabilit\u00e9<\/strong><br \/>\nChez tellows, nous sommes profond\u00e9ment conscients de la confiance que vous nous accordez et de notre responsabilit\u00e9 \u00e0 prot\u00e9ger votre vie priv\u00e9e. Pour mieux prot\u00e9ger votre vie priv\u00e9e, nous fournissons cette documentation sur nos pratiques d&#8217;information en ligne, y compris comment nous collectons et utilisons les informations que vous nous fournissez sur le site Web et les choix que vous pouvez faire sur la mani\u00e8re dont nous les collectons et utilisons.<\/p>\n<p><strong>Liens vers des site web tiers<\/strong><br \/>\nNos sites mettent \u00e0 disposition des liens hypertextes vers d&#8217;autres sites web qui peuvent avoir des politiques et pratiques diff\u00e9rentes des n\u00f4tres. Nous ne contr\u00f4lons pas et ne pouvons \u00eatre tenus responsables des pratiques, des contenus ou des politiques de confidentialit\u00e9 des sites web tiers. Une fois que vous avez quitt\u00e9 notre site web par le biais d&#8217;un tel lien ou en cliquant sur une publicit\u00e9, vous devriez v\u00e9rifier la politique de confidentialit\u00e9 de la tierce partie ou de l&#8217;annonceur afin de d\u00e9terminer comment ils vont g\u00e9rer les informations qu&#8217;ils recueillent sur vous.<\/p>\n","protected":false},"excerpt":{"rendered":"<p>Si vous rencontrez des probl\u00e8mes avec les contributions, les commentaires ou les num\u00e9ros, vous trouverez les premiers secours et un formulaire de contact sur notre page d&#8217;assistance. Pour un traitement rapide des demandes de suppression, veuillez nous donner le num\u00e9ro de t\u00e9l\u00e9phone respectif et un motif de suppression pour chaque commentaire individuel. Vous pouvez \u00e9galement [&hellip;]<\/p>\n","protected":false},"author":1,"featured_media":0,"parent":1121,"menu_order":0,"comment_status":"closed","ping_status":"open","template":"page-templates\/full-width.php","meta":{"footnotes":""},"class_list":["post-2046","page","type-page","status-publish","hentry"],"aioseo_notices":[],"_links":{"self":[{"href":"https:\/\/id.tellows.net\/c\/wp-json\/wp\/v2\/pages\/2046","targetHints":{"allow":["GET"]}}],"collection":[{"href":"https:\/\/id.tellows.net\/c\/wp-json\/wp\/v2\/pages"}],"about":[{"href":"https:\/\/id.tellows.net\/c\/wp-json\/wp\/v2\/types\/page"}],"author":[{"embeddable":true,"href":"https:\/\/id.tellows.net\/c\/wp-json\/wp\/v2\/users\/1"}],"replies":[{"embeddable":true,"href":"https:\/\/id.tellows.net\/c\/wp-json\/wp\/v2\/comments?post=2046"}],"version-history":[{"count":4,"href":"https:\/\/id.tellows.net\/c\/wp-json\/wp\/v2\/pages\/2046\/revisions"}],"predecessor-version":[{"id":8054,"href":"https:\/\/id.tellows.net\/c\/wp-json\/wp\/v2\/pages\/2046\/revisions\/8054"}],"up":[{"embeddable":true,"href":"https:\/\/id.tellows.net\/c\/wp-json\/wp\/v2\/pages\/1121"}],"wp:attachment":[{"href":"https:\/\/id.tellows.net\/c\/wp-json\/wp\/v2\/media?parent=2046"}],"curies":[{"name":"wp","href":"https:\/\/api.w.org\/{rel}","templated":true}]}}