{"id":6243,"date":"2019-08-15T09:35:56","date_gmt":"2019-08-15T08:35:56","guid":{"rendered":"http:\/\/tellows.de\/c\/?page_id=6243"},"modified":"2021-11-25T11:41:38","modified_gmt":"2021-11-25T10:41:38","slug":"aplicativos-tellows-caller-id-and-bloqueador","status":"publish","type":"page","link":"https:\/\/id.tellows.net\/c\/about-tellows-pt\/aplicativos-tellows-caller-id-and-bloqueador\/","title":{"rendered":"Aplicativos tellows &#8211; Caller ID and Bloqueador"},"content":{"rendered":"<style>\t \n.entry-title {\n display:none;\n}\ntable {\nborder:1px solid black;\nborder: none;\n}\ntd img{\n    display: block;\n    margin-left: auto;\n    margin-right: auto;<\/p>\n<p>}\n.myButton {\n\t-moz-box-shadow:inset 0px 0px 7px 0px #54a3f7;\n\t-webkit-box-shadow:inset 0px 0px 7px 0px #54a3f7;\n\tbox-shadow:inset 0px 0px 7px 0px #54a3f7;\n\tbackground:-webkit-gradient(linear, left top, left bottom, color-stop(0.05, #007dc1), color-stop(1, #0061a7));\n\tbackground:-moz-linear-gradient(top, #007dc1 5%, #0061a7 100%);\n\tbackground:-webkit-linear-gradient(top, #007dc1 5%, #0061a7 100%);\n\tbackground:-o-linear-gradient(top, #007dc1 5%, #0061a7 100%);\n\tbackground:-ms-linear-gradient(top, #007dc1 5%, #0061a7 100%);\n\tbackground:linear-gradient(to bottom, #007dc1 5%, #0061a7 100%);\n\tfilter:progid:DXImageTransform.Microsoft.gradient(startColorstr='#007dc1', endColorstr='#0061a7',GradientType=0);\n\tbackground-color:#007dc1;\n\t-moz-border-radius:6px;\n\t-webkit-border-radius:6px;\n\tborder-radius:6px;\n\tdisplay:inline-block;\n\tcursor:pointer;\n\tcolor:#ffffff;\n\tfont-family:Arial;\n\tfont-size:20px;\n\tfont-weight:bold;\n\tpadding:15px 29px;\n\ttext-decoration:none;\n\ttext-shadow:0px 1px 0px #154682;\n}\n.myButton:hover {\n\tbackground:-webkit-gradient(linear, left top, left bottom, color-stop(0.05, #0061a7), color-stop(1, #007dc1));\n\tbackground:-moz-linear-gradient(top, #0061a7 5%, #007dc1 100%);\n\tbackground:-webkit-linear-gradient(top, #0061a7 5%, #007dc1 100%);\n\tbackground:-o-linear-gradient(top, #0061a7 5%, #007dc1 100%);\n\tbackground:-ms-linear-gradient(top, #0061a7 5%, #007dc1 100%);\n\tbackground:linear-gradient(to bottom, #0061a7 5%, #007dc1 100%);\n\tfilter:progid:DXImageTransform.Microsoft.gradient(startColorstr='#0061a7', endColorstr='#007dc1',GradientType=0);\n\tbackground-color:#0061a7;\n}\n.myButton:active {\n\tposition:relative;\n\ttop:1px;\n}\n.blue_bg { \t \t \n background-color:#eff5ff;\n margin-left: -3em;\n margin-right: -3em;\n}\n<\/style>\n<div style=\"text-align: center;\">\n<div style=\"margin-top: -15px;\">\n<p><span style=\"color: #007dc1; font-size: xx-large;\"><strong>Cansado das chamadas fraudulentas?<\/strong><\/span><\/p>\n<div style=\"text-align: center;\"><strong>Acabe com as chamadas indesejadas com o aplicativo tellows<\/strong><\/div>\n<\/div>\n<div style=\"text-align: left; float: right; margin-top: 20px;\">\n<h3>Nosso aplicativo gratuito permite:<\/h3>\n<ul style=\"max-width: 35em;\">\n<li style=\"list-style-type: none;\">\n<li>Identificar as chamadas recebidas enquanto o telefone toca<\/li>\n<li>Exibe quem est\u00e1 ligando, qual o tipo de chamada e informa a pontua\u00e7\u00e3o<\/li>\n<li>Voc\u00ea decide quem atender<\/li>\n<li><a href=\"https:\/\/www.tellows.com.br\/\" target=\"_blank\" rel=\"noopener noreferrer\">Procure detalhes sobre n\u00fameros desconhecidos<\/a><\/li>\n<h3>Aproveite a conta Premium com recursos adicionais:<\/h3>\n<li style=\"list-style-type: none;\">\n<li>Fazer parte da <a href=\"https:\/\/www.tellows.pt\/c\/about-tellows-pt\/registro\/\" target=\"_blank\" rel=\"noopener noreferrer\">comunidade<\/a><\/li>\n<li>Bloquear chamadas indesejadas<\/li>\n<li><a href=\"https:\/\/www.tellows.pt\/c\/about-tellows-pt\/registro\/\" target=\"_blank\" rel=\"noopener noreferrer\">Login para usar suas listas negras entre dispositivos<\/a><\/li>\n<li>Lista negra personalizada<\/li>\n<\/ul>\n<p><a href=\"https:\/\/play.google.com\/store\/apps\/details?id=app.tellows\" target=\"_blank\" rel=\"noopener noreferrer\"><img decoding=\"async\" style=\"border: none; box-shadow: none; height: 82px; width: 211.88px; margin-top: 20px; margin-bottom: 13px;\" src=\"https:\/\/play.google.com\/intl\/pt_br\/badges\/images\/generic\/pt_badge_web_generic.png\" alt=\"Get it on Google Play\" \/><\/a><a href=\"https:\/\/apps.apple.com\/br\/app\/tellows-caller-id-blocker\/id1166263660?itsct=apps_box_badge&amp;itscg=30200\" style=\"display: inline-block; overflow: hidden; border-radius: 13px; width: 180px\"><img decoding=\"async\" src=\"https:\/\/tools.applemediaservices.com\/api\/badges\/download-on-the-app-store\/black\/pt-pt?size=250x83&amp;releaseDate=1501286400&#038;h=83652661a055ba9ce7f6df174c5dd9d5\" alt=\"Download on the App Store\" style=\"border-radius: 13px; width: 170px; height: 56.83px; margin-bottom: 18px;\"><\/a><\/p>\n<\/div>\n<p><a href=\"https:\/\/play.google.com\/store\/apps\/details?id=app.tellows\" target=\"_blank\" rel=\"noopener noreferrer\"><img decoding=\"async\" style=\"border: none; box-shadow: none; height: 477; width: 250px; margin-bottom: 13px;\" src=\"https:\/\/cdn.tellows.de\/uploads\/2021\/09\/BR-android.jpg\" alt=\"tellows android\" \/><\/a><a href=\"https:\/\/apps.apple.com\/br\/app\/tellows-caller-id-spamschutz\/id1166263660\" target=\"_blank\" rel=\"noopener noreferrer\"><img loading=\"lazy\" decoding=\"async\" style=\"border: none; box-shadow: none; height: 450px; width: 230px; margin: -10px 0px; margin-left: -80px;\" src=\"https:\/\/cdn.tellows.de\/uploads\/2021\/09\/BR-iPhone.png\" alt=\"tellows iphone\" width=\"350\" height=\"471\" \/><\/a><\/p>\n<div style=\"clear: both;\"><\/div>\n<div class=\"blue_bg\">\n<div style=\"text-align: center; margin-top: 40px;\"><span style=\"color: #007dc1; font-size: xx-large;\"><strong>tellows ao redor do mundo<\/strong><\/span><\/div>\n<table style=\"border-bottom: 0px; margin-left: 10px; max-width: 90%; margin-left: 30px;\" width=\"33.33%\">\n<tbody>\n<tr>\n<td style=\"border-top: 0px;\" width=\"33.33%\"><img decoding=\"async\" style=\"border: none; box-shadow: none; text-align: center;\" src=\"https:\/\/cdn.tellows.de\/uploads\/2019\/06\/person.png\" alt=\"tellows user\" width=\"150px\" height=\"131.81\" \/><center><\/p>\n<h3>Mais de 200.000 usu\u00e1rios registrados<\/h3>\n<p><\/center><\/td>\n<td style=\"border-top: 0px;\" width=\"33.33%\"><img decoding=\"async\" style=\"border: none; box-shadow: none;\" src=\"https:\/\/cdn.tellows.de\/uploads\/2019\/06\/earth-final.png\" alt=\"tellows worldwide\" width=\"150px\" height=\"150\" \/><center><\/p>\n<h3>7 milh\u00f5es de usu\u00e1rios mensais em mais de 50 pa\u00edses<\/h3>\n<p><\/center><\/td>\n<td style=\"border-top: 0px;\" width=\"33.33%\"><img decoding=\"async\" style=\"border: none; box-shadow: none;\" src=\"https:\/\/cdn.tellows.de\/uploads\/2019\/06\/download1.png\" alt=\"tellows download\" width=\"150px\" height=\"131.81\" \/><center><\/p>\n<h3>Mais de 500 mil downloads<\/h3>\n<p><\/center><\/td>\n<\/tr>\n<\/tbody>\n<\/table>\n<\/div>\n<div style=\"clear: both;\"><\/div>\n<div style=\"text-align: center; margin-bottom: 10px;\"><font SIZE=\"6\" COLOR=\"#007dc1\"><strong>O que os usu\u00e1rios pensam sobre o tellows?<\/strong><\/font><\/div>\n<div style=\"max-width: 700px; min-width: 400px; border-top: 0px; float:left; margin-left: 5%;\">\n<img decoding=\"async\" class=\"mySlides\" style=\"text-align: center; box-shadow: none;\" src=\"https:\/\/cdn.tellows.de\/uploads\/2021\/11\/Portugiesisch-26-Android.png\" alt=\"Android review\" width=\"400px\" height=\"333px\" \/><img decoding=\"async\" class=\"mySlides\" style=\"text-align: center; box-shadow: none;\" src=\"https:\/\/cdn.tellows.de\/uploads\/2021\/11\/Portugiesisch-27-Android.png\" alt=\"Android review\" width=\"400px\" height=\"333px\" \/><img decoding=\"async\" class=\"mySlides\" style=\"text-align: center; box-shadow: none;\" src=\"https:\/\/cdn.tellows.de\/uploads\/2021\/11\/Portugiesisch-25-Android.png\" alt=\"Android review\" width=\"400px\" height=\"333px\" \/><img decoding=\"async\" class=\"mySlides\" style=\"text-align: center; box-shadow: none;\" src=\"https:\/\/cdn.tellows.de\/uploads\/2021\/11\/Portugiesisch-24-Android.png\" alt=\"Android review\" width=\"400px\" height=\"333px\" \/><br \/>\n<button style=\"color: black; width: 40px; background-color: grey;border-color: white; margin-bottom: 15px;\" onclick=\"plusDivs(+1)\">&#10094;<\/button><button style=\"width: 40px; color: black;background-color: grey;border-color: white;\" onclick=\"plusDivs(-1)\">&#10095;<\/button>\n<\/div>\n<div style=\"max-width: 400px; min-width: 200px; border-top: 0px; vertical-align: top; overflow: hidden;\">\n<img decoding=\"async\" style='border: none;box-shadow: none;text-align: center;max-height: 70px; margin-top: 20%; margin-bottom: -40px; margin-right: 20px;' src=\"https:\/\/cdn.tellows.de\/uploads\/2020\/09\/google-play-score.png\" alt=\"ratings\" \/><br \/>\n<a href=\"https:\/\/www.tellows.co.uk\/c\/about-tellows-uk\/support-en\/\" target=\"_blank\" rel=\"noopener noreferrer\"><button style=\"font-size: 16pt; max-width: 300px; min-width: 100px; margin-right: 25px; margin-top: 100px; margin-bottom: 10px;\" class=\"myButton\">FAQ \/ Support<\/button><\/a>\n<\/div>\n<div style=\"clear: both;\"><\/div>\n<p><script>\nvar slideIndex = 1;\nshowDivs(slideIndex);\nfunction plusDivs(n) {\n  showDivs(slideIndex += n);\n}\nfunction showDivs(n) {\n  var i;\n  var x = document.getElementsByClassName(\"mySlides\");\n  if (n > x.length) {slideIndex = 1} \n  if (n < 1) {slideIndex = x.length} ;\n  for (i = 0; i < x.length; i++) {\n    x[i].style.display = \"none\"; \n  }\n  x[slideIndex-1].style.display = \"block\"; \n}\n<\/script><\/p>\n<div style=\"clear: both;\"><\/div>\n<div class=\"blue_bg\">\n<div style=\"text-align: center; margin-bottom: 10px;\"><font SIZE=\"6\" COLOR=\"#007dc1\"><strong>Recursos mais recentes do tellows<\/strong><\/font><\/div>\n<div style=\"float:left; margin-left: 40px; margin-right: 30px;\"><iframe loading=\"lazy\" width=\"500\" height=\"275\" src=\"https:\/\/www.youtube.com\/embed\/POEL6-yVRV0\" frameborder=\"0\" allow=\"accelerometer; autoplay; encrypted-media; gyroscope; picture-in-picture\" allowfullscreen><\/iframe><\/div>\n<div style=\"margin-left:10px;text-align: left; min-width: 400px; min-height:300px; overflow: hidden;\">\n<ul>\n<\/br><\/p>\n<li><a href=\"https:\/\/blog.tellows.com.br\/2020\/01\/quer-saber-como-voce-pode-se-beneficiar-com-o-nosso-banco-de-dados-contra-spam-torne-se-um-parceiro-atraves-da-nossa-api\/\" target=\"_blank\" rel=\"noopener noreferrer\">Banco de dados<\/a> com milhares de n\u00fameros de telefone<\/li>\n<li>A lista de spam mais recente ser\u00e1 atualizada para seu telefone regularmente<\/li>\n<li>Procure qualquer n\u00famero de telefone que ligou para voc\u00ea<\/li>\n<li>Compartilhe experi\u00eancias ou leia experi\u00eancias de outros usu\u00e1rios<\/li>\n<li>Bloquear os chamadores indesejados atrav\u00e9s do tellows score<\/li>\n<li>Acesse o tellows e edite suas avalia\u00e7\u00f5es na \u00e1rea de membros<\/li>\n<\/ul>\n<p>\n<\/div>\n<\/div>\n<div style=\"clear:both;\"><\/div>\n<div style=\"text-align: left; float: left; margin-left: 0.5em; margin-top:10px;\">\n<div style=\"text-align: center;\"><span style=\"color: #007dc1; font-size: xx-large;\"><strong>O que \u00e9 tellows?<\/strong><\/span><\/div>\n<ul style=\"max-width: 30em;\">\n<li>Os usu\u00e1rios classificam os n\u00fameros de telefone usando nosso modelo de pontua\u00e7\u00e3o: <a href=\"https:\/\/blog.tellows.com.br\/2019\/08\/tellows-score-voce-sabe-a-diferenca-entre-cada-numero-e-cor\/\" target=\"_blank\" rel=\"noopener noreferrer\">o tellows score<\/a><\/li>\n<li>Os n\u00fameros reportados exibem confiabilidade e fornecem informa\u00e7\u00f5es \u00fateis para outros usu\u00e1rios<\/li>\n<li>Nossa lista negra cont\u00e9m todos os n\u00fameros reportados negativamente<\/li>\n<li>tellows est\u00e1 dispon\u00edvel para desktop, smartphones e tablets<\/li>\n<li>O aplicativo tellows para identifica\u00e7\u00e3o de chamadas em tempo real est\u00e1 dispon\u00edvel para iPhone e Android<\/li>\n<\/ul>\n<p><a href=\"https:\/\/play.google.com\/store\/apps\/details?id=app.tellows\" target=\"_blank\" rel=\"noopener noreferrer\"><img decoding=\"async\" style=\"border: none; box-shadow: none; height: 82px; width: 211.88px; margin-top: 20px; margin-bottom: 13px;\" src=\"https:\/\/play.google.com\/intl\/pt_br\/badges\/images\/generic\/pt_badge_web_generic.png\" alt=\"Get it on Google Play\" \/><\/a><a href=\"https:\/\/apps.apple.com\/br\/app\/tellows-caller-id-blocker\/id1166263660?itsct=apps_box_badge&amp;itscg=30200\" style=\"display: inline-block; overflow: hidden; border-radius: 13px; width: 180px\"><img decoding=\"async\" src=\"https:\/\/tools.applemediaservices.com\/api\/badges\/download-on-the-app-store\/black\/pt-pt?size=250x83&amp;releaseDate=1501286400&#038;h=83652661a055ba9ce7f6df174c5dd9d5\" alt=\"Download on the App Store\" style=\"border-radius: 13px; width: 170px; height: 56.83px; margin-bottom: 18px;\"><\/a><\/p>\n<\/div>\n<div><img loading=\"lazy\" decoding=\"async\" style=\"border: none; box-shadow: none; margin-bottom: 20px; margin-top: 8%;\" src=\"https:\/\/cdn.tellows.de\/uploads\/2021\/09\/tellows_responsive-1.jpg\" alt=\"tellows devices\" width=\"450\" height=\"274\" \/><\/div>\n<div style=\"clear: both;\"><\/div>\n<div class=\"blue_bg\">\n<div style=\"text-align: center;\"><span style=\"color: #007dc1; font-size: xx-large;\"><strong>Apareceu em<\/strong><\/span><\/div>\n<p><a href=\"https:\/\/www.producthunt.com\/posts\/tellows\" rel=\"nofollow noopener noreferrer\" target=\"_blank\"><img decoding=\"async\" style='border:none; box-shadow: none; height:82px; width:230px; margin-top: 30px;margin-left: 15px;' src=\"https:\/\/cdn.tellows.de\/uploads\/2021\/09\/product-hunt-logo.jpg\" alt=\"producthunt\" \/><\/a><a href=\"https:\/\/mightygadget.co.uk\/tellows-caller-id-block-review\/\" rel=\"nofollow noopener noreferrer\" target=\"_blank\"><img style='border:none; box-shadow: none; height:65px; width:200px; margin-top: 10px; margin-left: 15px;'src=\"https:\/\/cdn.tellows.de\/uploads\/2019\/04\/MightyGadget-450-min-1.png\" alt=\"mighty gadget\"\/><\/a><a href=\"https:\/\/www.chip.de\/downloads\/tellows-pro-Anruferkennung-iPhone-App_57548518.html\" rel=\"nofollow noopener noreferrer\" target=\"_blank\"><img style='border:none; box-shadow: none; height:65px; width:130px; margin-left: 15px;'src=\"https:\/\/cdn.tellows.de\/uploads\/2013\/10\/chip.jpg\" alt=\"chip\"\/><\/a><a href=\"https:\/\/www.computerbild.de\/fotos\/cb-Tipps-Handy-Download-beste-Apps-der-Woche-20061799.html#8\" rel=\"nofollow noopener noreferrer\" target=\"_blank\"><img style='border:none; box-shadow: none; height:65px; width:130px; margin-left: 15px;'src=\"https:\/\/cdn.tellows.de\/uploads\/2013\/10\/bild.jpg\" alt=\"bild\"\/><\/a><\/p>\n<div style=\"clear: both;\"><\/div>\n<p><a href=\"https:\/\/www.bbc.com\/news\/uk-england-37950287\" rel=\"nofollow noopener noreferrer\" target=\"_blank\"><img style='border:none; box-shadow: none; margin-right: 30px; height:115px; width:229.19px; margin-top: 30px; 'src=\"https:\/\/cdn.tellows.de\/uploads\/2019\/07\/bbclogo.png\" alt=\"bbc\"\/><\/a><a href=\"https:\/\/www.tubblog.co.uk\/blog\/tech-reviews\/tellows-block-nuisance-calls-to-your-smartphone\/\" rel=\"nofollow noopener noreferrer\" target=\"_blank\"><img style='border:none; box-shadow: none; height:100px; width:260.94px;margin-bottom:10px;'src=\"https:\/\/cdn.tellows.de\/uploads\/2018\/11\/tubbblog.png\" alt=\"tubb blog\" \/><\/a><\/p>\n<div style=\"clear: both;\"><\/div>\n<\/div>\n<\/div>\n","protected":false},"excerpt":{"rendered":"<p>Cansado das chamadas fraudulentas? Acabe com as chamadas indesejadas com o aplicativo tellows Nosso aplicativo gratuito permite: Identificar as chamadas recebidas enquanto o telefone toca Exibe quem est\u00e1 ligando, qual o tipo de chamada e informa a pontua\u00e7\u00e3o Voc\u00ea decide quem atender Procure detalhes sobre n\u00fameros desconhecidos Aproveite a conta Premium com recursos adicionais: Fazer [&hellip;]<\/p>\n","protected":false},"author":14,"featured_media":0,"parent":1129,"menu_order":0,"comment_status":"closed","ping_status":"closed","template":"page-templates\/full-width.php","meta":{"footnotes":""},"class_list":["post-6243","page","type-page","status-publish","hentry"],"aioseo_notices":[],"_links":{"self":[{"href":"https:\/\/id.tellows.net\/c\/wp-json\/wp\/v2\/pages\/6243","targetHints":{"allow":["GET"]}}],"collection":[{"href":"https:\/\/id.tellows.net\/c\/wp-json\/wp\/v2\/pages"}],"about":[{"href":"https:\/\/id.tellows.net\/c\/wp-json\/wp\/v2\/types\/page"}],"author":[{"embeddable":true,"href":"https:\/\/id.tellows.net\/c\/wp-json\/wp\/v2\/users\/14"}],"replies":[{"embeddable":true,"href":"https:\/\/id.tellows.net\/c\/wp-json\/wp\/v2\/comments?post=6243"}],"version-history":[{"count":60,"href":"https:\/\/id.tellows.net\/c\/wp-json\/wp\/v2\/pages\/6243\/revisions"}],"predecessor-version":[{"id":9663,"href":"https:\/\/id.tellows.net\/c\/wp-json\/wp\/v2\/pages\/6243\/revisions\/9663"}],"up":[{"embeddable":true,"href":"https:\/\/id.tellows.net\/c\/wp-json\/wp\/v2\/pages\/1129"}],"wp:attachment":[{"href":"https:\/\/id.tellows.net\/c\/wp-json\/wp\/v2\/media?parent=6243"}],"curies":[{"name":"wp","href":"https:\/\/api.w.org\/{rel}","templated":true}]}}